1608. Is y prime?
False
Is 1996*1*(-2)/(-8) a composite number?
False
Suppose 5*b = 2287 - 822. Is b composite?
False
Suppose -1 = -4*o + 3. Let u(q) = 1. Let d(t) = -6*t - 3. Let j(g) = o*d(g) + 4*u(g). Is j(-5) composite?
False
Let o(r) = 11*r**3 + 9*r**2 - 6*r + 5. Let c(z) = -11*z**3 - 10*z**2 + 7*z - 6. Let d(a) = -6*c(a) - 7*o(a). Is d(-2) a composite number?
True
Suppose 3*w = 13 - 1. Suppose w*i - 8 = 0, 17 = 4*c + 5*i - 17. Is 8 - (-2)/c*-3 composite?
False
Let v(r) be the first derivative of -r**4/4 - r**2/2 + 11*r - 4. Let y = -2 + 2. Is v(y) a prime number?
True
Let f(u) be the first derivative of -u**3/3 - 8*u**2 + 9*u + 2. Is f(-12) prime?
False
Let r be ((-24)/(-10) - 3)*-5. Suppose 3*x + 334 - 116 = 2*y, -y + r*x = -109. Is y a composite number?
False
Let p(s) be the first derivative of 83*s**3/3 - s + 5. Is p(-1) a prime number?
False
Let o(k) = 3*k**2 + 9*k - 11. Let b(y) = -2*y**2 - 9*y + 11. Let z = 13 - 9. Let j(r) = z*o(r) + 5*b(r). Is j(8) prime?
True
Let j(l) = -1041*l. Is j(-1) a prime number?
False
Let i = 1160 - 9. Is i a prime number?
True
Let m(v) = 67*v - 6. Let f be m(-6). Let g = 715 + f. Is g composite?
False
Suppose 5*a + 4 - 1 = -v, v + 2*a = 0. Let g be v/10 + (-2758)/(-35). Let h = 164 - g. Is h prime?
False
Suppose 0 = -2*m + 2 + 2. Let x = 2 - m. Suppose -2*c + g = -6*c + 93, x = -5*c + g + 114. Is c prime?
True
Suppose 4*o + 78 - 21 = 3*k, 5*k = 3*o + 95. Is k composite?
False
Let c = 70 - -7. Is c a composite number?
True
Let r(d) = 4*d**3 + 8*d**2 + 9*d - 1. Let i be r(-9). Is i/(-8) + (-9)/12 composite?
False
Let h(u) = 8*u**3 + 2*u**2 + 6*u - 27. Is h(4) a composite number?
False
Suppose 1 = 3*i + 4. Let r(a) = -143*a**3 - a**2 - 2*a - 1. Is r(i) a prime number?
False
Let b(p) = 14*p + 1. Let f be b(1). Let q = 7 + f. Is q composite?
True
Let v = 200 - 282. Suppose 0 = -2*i + 2*g - 90, i + 3*g + 18 + 27 = 0. Let r = i - v. Is r prime?
True
Let y be 239 + 3/(0 - 1). Suppose -y = -4*b - 0*b. Is b composite?
False
Suppose 14*v - 36 = 8*v. Is v a composite number?
True
Let p = 7 + -4. Let u(l) = 2 + 6*l**2 - l - p + 3. Is u(3) a composite number?
False
Let m(t) = -t + 3. Let x be m(0). Suppose 4*b + f - 228 = 0, -x*f + f - 298 = -5*b. Is b a composite number?
True
Suppose c - 50 = 14. Let b = 25 + -30. Let s = b + c. Is s composite?
False
Suppose -4*w - 5*b = 14, 0*w = 2*w + b + 4. Suppose h + 1 = -1. Is 2 - (44/h - w) a prime number?
True
Suppose -x = -3*h - 323, -h - x = 74 + 27. Suppose 184 = 4*u + 1612. Let i = h - u. Is i prime?
True
Suppose 5*y = 4*j + 17463, 0 - 8 = 4*j. Is y a prime number?
True
Let y(d) = 4*d + 3*d**3 + 1 + d**2 - d - 5*d. Let i(b) = b**2 - 5*b - 5. Let j be i(6). Is y(j) a composite number?
False
Let i = 1 - -1. Suppose 290 = 3*o + i*o. Suppose 3*n + n - o = -2*b, -4*n = -5*b + 159. Is b a prime number?
True
Suppose -180 - 44 = -14*u. Suppose -3*r - 4*h = 41, 4*r + 5*h = r - 46. Let c = u + r. Is c prime?
False
Suppose -n - t = 2*t - 1751, 5*t + 8695 = 5*n. Let u be 2/9 - n/(-18). Suppose -373 = -4*h - u. Is h a prime number?
False
Suppose -2*a + 2*s = -16, -4*a + 37 = -0*a - 3*s. Suppose 4*o + 6 = d + 4*d, -4*d + a = 5*o. Is (24 + d)*(-2)/(-4) prime?
True
Suppose 3*o + 0*o + 36 = 0. Suppose -4*c + c - 18 = 0. Let a = c - o. Is a composite?
True
Let t be 2 + 3/(-9)*0. Let b(s) = 2*s**2 + 8*s + 5 - 3*s**t + 10*s - 5*s. Is b(10) composite?
True
Let l(j) = -j**3 + 9*j**2 + 5*j + 15. Is l(8) a composite number?
True
Let k = -89 + 146. Let h = -13 - -18. Suppose -6*i + 4*i + u = -k, -37 = -2*i + h*u. Is i a composite number?
False
Let a(r) = r**2 - 2*r + 1. Let q be (-3)/(-18)*3*-12. Is a(q) a prime number?
False
Let f(s) = -s**3 - 2*s**2 - s - 5. Let a(x) = -x**2 - 2. Let o be a(2). Is f(o) composite?
True
Is (-55)/(-3) + 10/15 composite?
False
Is (5 + 679/2)*2 a prime number?
False
Suppose -4*s = -5*u + 75, 2*s - 4*s = u - 15. Is u a prime number?
False
Suppose -3*b + b = -44. Is (b/(-3))/((-3)/9) a prime number?
False
Suppose -4*a + 213 = -2*m + m, 0 = 2*m + 2. Is a a composite number?
False
Suppose -2*u + 0*a = -a - 1129, a = 4*u - 2253. Is u composite?
True
Let j = -9 + 1. Is ((-223)/4)/(2/j) composite?
False
Let y(s) = -4161*s - 7. Is y(-2) prime?
False
Let a be 1066/3 - 6/(-9). Let q = -195 + a. Is q prime?
False
Let f(j) = -4*j**3 - j**2 - 4*j - 3. Is f(-2) composite?
True
Suppose 2*y - y = -17. Let o = 59 + y. Let v = 9 + o. Is v a composite number?
True
Suppose b = 3*b - 18. Let y = 50 - 20. Let w = b + y. Is w a prime number?
False
Let n = 106 - -53. Is n a composite number?
True
Suppose 2*r + 68 = 4*u, 2*u + 4*r - 11 = 43. Let c = u - 9. Is c prime?
False
Let a(y) = -3*y - 2. Let c be a(2). Is (276/c)/((-1)/2) a composite number?
True
Suppose 0 = -t + 5*g + 1507, -g + 1107 + 3414 = 3*t. Is t a prime number?
False
Let v be (-1 + 1)/((-1)/(-1)). Suppose v = 4*n - 734 - 110. Is n a prime number?
True
Let m(o) = -2*o**3 - 5*o**2 + 5. Let j(u) = u**2 - 8*u + 8. Let k be j(6). Is m(k) a composite number?
False
Let r = 439 - 138. Is r composite?
True
Let u = 316 - -55. Is u prime?
False
Suppose c + 3 = -2*g - 2, c - 5*g - 2 = 0. Let d(u) = -u**3 - u**2 + u - 10. Let k be d(0). Is ((-22)/c)/(k/(-105)) a composite number?
True
Let v(s) be the second derivative of -3*s**2 + 1/3*s**4 - 4*s + 0 + 1/2*s**3. Is v(-5) a prime number?
True
Let q be (-30)/(-4) - 16/(-32). Suppose 0 = d + 3*r + 17, -4*d + r + 2*r = 128. Let g = q - d. Is g a prime number?
True
Let m(q) = -q**2 + 2. Let z be m(0). Suppose -z*n + 4*n = -10. Let p(i) = -i**2 - 9*i + 1. Is p(n) composite?
True
Suppose 0 = 3*k - 8*k + 105. Is k a composite number?
True
Let l be (8 - 2)/((-6)/21). Let s be (-2)/(-1) + l - 1. Let b = -10 - s. Is b prime?
False
Let k = 6 - 3. Is (k/6)/((-3)/(-348)) a composite number?
True
Let a(z) be the third derivative of 11*z**4/24 + z**3/3 - 2*z**2. Suppose -2*m + 0 + 6 = 0. Is a(m) composite?
True
Suppose -3*m + 332 = -m. Let t = -113 + m. Is t prime?
True
Let z(f) = f**2 - 3*f - 1. Let k be z(-6). Suppose w + 16 = k. Is w a composite number?
False
Suppose -5*c + 2*q = -19, 2*c + q + 2 = 5*q. Let j = -8 + c. Is 89*((-2 - j) + 0) a prime number?
True
Let d(k) = -k**3 - 12*k**2 - 11*k + 9. Let q be d(-11). Let p = 11 + q. Suppose 18 + p = 2*t. Is t a composite number?
False
Let n be (-1 - 675/(-2))*6. Suppose -2*t = -5*t + n. Is t a composite number?
False
Suppose 0 = 3*v - 366 + 144. Suppose -258 = -4*d + v. Is d a composite number?
False
Let l(n) = 16*n**2 - 3*n + 4. Is l(-3) prime?
True
Is 130/6 - (-2)/6 prime?
False
Let n be (1*2)/(1/2). Suppose -q + 1835 = n*q. Is q a composite number?
False
Is 14598/14 + -7 + (-357)/(-49) composite?
True
Let v(k) = -k**2 - 27*k + 15. Is v(-10) a prime number?
False
Suppose l + 3*l = 16. Let f be (-1)/((-4)/5)*l. Suppose 5*q = -4*y + 433, -f*q - 2*y = -3*q - 172. Is q a composite number?
False
Let g = -65 + 339. Is g a prime number?
False
Suppose 0*v = -2*v. Suppose v*a = 4*a - 3*n, -5*a = -4*n. Suppose -z + 3*q + 77 = -q, -2*q = a. Is z a composite number?
True
Let l(n) = n**3 + 6*n**2 + 5*n + 1. Let h be l(-5). Let b be 1 - h - 64/2. Let d = b + 63. Is d composite?
False
Let d(w) = -6*w**3 + 4*w**2 + 4*w + 13. Is d(-4) a prime number?
False
Suppose -126 = j - 1199. Is j composite?
True
Suppose -3*b + h = -9, -2*h - 25 = -4*b - 5*h. Suppose 4*d = -o - b*o + 190, -4*d - 14 = -o. Is o a prime number?
False
Suppose -q + r = -0*r + 9, 5*q + 4*r = -45. Let z(b) = -16*b + 19. Is z(q) a prime number?
True
Suppose 4*u + 4*b - 126 + 6 = 0, 5*u - b - 174 = 0. Is u a prime number?
False
Let x = -48 + 181. Is x composite?
True
Suppose 60 = 2*v - 3*v. Let l = 93 + v. Is l a prime number?
False
Suppose 77 + 58 = 5*x. Let d be (-230)/(-18) - (-6)/x. Is d*((-9)/(-1))/3 a composite number?
True
Let n(k) = -55*k + 19. Is n(-18) a prime number?
True
Let g = 7 + -4. Suppose g*d + 83 - 13 = 2*p, -105 = -3*p + 2*d. Is p composite?
True
Suppose 0*u = -u + 34. Suppose 5*n = -3*x + u, 4*n + 7 = -3*x + 36. Is x a composite number?
False
Suppose 0 = 2*b + 5*x - 89, -196 = -4*b - 2*x - 2*x. Suppose 41 + b = h. Is h a prime number?
False
Let f(h) = 20*h**3 - 2*h**3 + 2*h - 3*h**2 - 2 + 6. Is f(3) prime?
False
Let q = -1 + 11. Suppose -9 - q = -g. Is g a prime number?
True
Let 